{"id":3749,"date":"2025-04-01T14:59:40","date_gmt":"2025-04-01T14:59:40","guid":{"rendered":"https:\/\/www.edite-de-paris.fr\/?page_id=3749"},"modified":"2026-01-19T15:02:24","modified_gmt":"2026-01-19T14:02:24","slug":"plan-individuel-de-formation","status":"publish","type":"page","link":"https:\/\/edite-de-paris.fr\/index.php\/plan-individuel-de-formation\/","title":{"rendered":"Plan Individuel de Formation"},"content":{"rendered":"\n<p class=\"has-text-align-center\"><\/p>\n\n\n\n<h3 class=\"wp-block-heading\">A. Le Plan Individuel de Formation \u00e0 l&rsquo;EDITE<\/h3>\n\n\n\n<h3 class=\"wp-block-heading\">Pr\u00e9sentation g\u00e9n\u00e9rale<\/h3>\n\n\n\n<p>Depuis 2014, les formations \u00e0 l\u2019EDITE se font dans le cadre d\u2019un Plan Individuel de Formation (PIF), propre \u00e0 chaque doctorant, qui vise \u00e0 l\u2019aider \u00e0 pr\u00e9parer son projet professionnel apr\u00e8s la th\u00e8se. Le PIF est la premi\u00e8re \u00e9tape de \u201cla formation tout au long de la vie\u201d vue comme une pratique vertueuse encourag\u00e9e par la loi pour faciliter les \u00e9volutions et les transitions professionnelles \u00e0 venir. Le PIF peut \u00eatre compos\u00e9 de formations de diff\u00e9rentes natures : m\u00e9thodologiques, scientifiques ou professionnalisantes.<\/p>\n\n\n\n<p>Le PIF fait partie de votre dossier de doctorant. Le PIF doit \u00eatre propos\u00e9 pendant les premiers mois de la th\u00e8se. Il est examin\u00e9 par votre comit\u00e9 de suivi et lors des r\u00e9inscriptions.<\/p>\n\n\n\n<p>Tous les doctorants doivent proposer un PIF, mais son contenu d\u00e9pend totalement du type de th\u00e8se (en laboratoire, en entreprise, en France, \u00e0 l&rsquo;\u00e9tranger, etc.) et du parcours du ou de la doctorante (formation initiale, ing\u00e9nieur\u2022e, \u00e9tranger, etc.).<\/p>\n\n\n\n<p>Un plan Individuel de formation ou PIF est d\u00e9fini par deux choses : <strong>un projet professionnel<\/strong> et <strong>une liste de formations<\/strong>.<\/p>\n\n\n\n<p>Le principe du PIF est de vous inciter \u00e0 suivre des formations qui vous sortent un peu du c\u0153ur de votre sujet de th\u00e8se pour vous ouvrir \u00e0 des sujets connexes ou qui vous aident dans votre projet professionnel. Vous devez comprendre que c&rsquo;est une chance de pouvoir suivre des formations, et que le temps de la th\u00e8se est une p\u00e9riode privil\u00e9gi\u00e9e pour cela. <\/p>\n\n\n\n<p>A l&rsquo;issue d&rsquo;une formation, vous devrez avoir un document justificatif de votre participation. Toutefois, il n&rsquo;est pas toujours possible d&rsquo;avoir un justificatif. En effet, si une formation est ouverte \u00e0 tous sans inscription et diffus\u00e9e sur internet, vous ne pourrez pas prouver que vous l&rsquo;avez suivie. Ce n&rsquo;est pas grave, vous pouvez quand m\u00eame la mettre dans votre PIF pour conserver la trace de vos enseignements et vous mettrez la date de la derni\u00e8re session et un avis personnel sur ce que vous avez appris. Comme, il n&rsquo;y a pas de seuil minimum au nombre de formations, il n&rsquo;y a pas d&rsquo;int\u00e9r\u00eat \u00e0 faire du remplissage, l&rsquo;ED vous fait confiance par principe.  <\/p>\n\n\n\n<p><\/p>\n\n\n\n<h3 class=\"wp-block-heading\"><strong>Le projet professionnel<\/strong><strong>\t<\/strong><\/h3>\n\n\n\n<p>C&rsquo;est simplement ce que vous souhaitez faire apr\u00e8s votre th\u00e8se. Vous pouvez souhaiter travailler dans un laboratoire de recherche acad\u00e9mique ou industriel, dans un domaine particulier. Vous pouvez souhaiter fonder une start-up sur vos travaux de th\u00e8se ou dans un autre domaine. Vous pouvez souhaiter devenir enseignant-chercheur. Vous pouvez souhaiter vous expatrier. Certains doctorants font leur th\u00e8se dans leur entreprise, cela n&#8217;emp\u00eache pas d&rsquo;avoir un projet. Bref, c&rsquo;est tr\u00e8s ouvert et tr\u00e8s personnel.<\/p>\n\n\n\n<p>Pourquoi d\u00e9crire un projet professionnel ? <br>Pour vous obliger \u00e0 prendre du recul et \u00e0 imaginer ce que vous allez faire apr\u00e8s la th\u00e8se. Ce n&rsquo;est pas contractuel, vous avez le droit de changer d&rsquo;avis, il s&rsquo;agit de vous projeter dans 3 \u00e0 5 ans pour d\u00e9crire ce que vous aimeriez faire id\u00e9alement. Si vous avez une vision claire de votre avenir, il sera plus simple de trouver des formations utiles.<\/p>\n\n\n\n<h3 class=\"wp-block-heading\"><strong>La liste des formations<\/strong><\/h3>\n\n\n\n<p>Pour le PIF, une formation est un ensemble de connaissances ou de comp\u00e9tences acquises dans un cadre formel avec un formateur physique ou virtuel pouvant (si possible) attester votre assiduit\u00e9 pour cette formation. <\/p>\n\n\n\n<p>Les organismes proposant des formations sont nombreux et d\u00e9pendent de l&rsquo;endroit o\u00f9 vous fa\u00eetes votre th\u00e8se. Sur Paris, il y a de D\u00e9partement Formation et Carri\u00e8re (DFC) du Coll\u00e8ge Doctoral, le coll\u00e8ge de France (CDF), mais cela peut aussi \u00eatre des formations de Coursera, de Udemy, des \u00e9coles d&rsquo;\u00e9t\u00e9, des cours de Fac, des formations dans votre entreprise (si vous \u00eates en cifre), des missions d&rsquo;enseignement, etc.  <em>Notez que la  pr\u00e9sentation en conf\u00e9rence de vos propres articles n&rsquo;est pas consid\u00e9r\u00e9e comme un type de formation, car cela fait partie int\u00e9grante du d\u00e9roulement de votre th\u00e8se<\/em>.<\/p>\n\n\n\n<p>Il existe plusieurs <strong>types<\/strong> et plusieurs <strong>domaines<\/strong>&nbsp;de formations possibles.&nbsp;<\/p>\n\n\n\n<p>Le <strong>type<\/strong> d\u00e9finit \u00e0 quoi ressemble la formation<\/p>\n\n\n\n<ul class=\"wp-block-list\">\n<li>S\u00e9minaire ou cycle de s\u00e9minaires\n<ul class=\"wp-block-list\">\n<li>propos\u00e9 par le DFC, le Coll\u00e8ge de France, ou d&rsquo;autres organismes.<\/li>\n<\/ul>\n<\/li>\n\n\n\n<li>Formation\n<ul class=\"wp-block-list\">\n<li>avec un formateur, en &nbsp;pr\u00e9sence ou \u00e0 distance, donn\u00e9es par le DFC ou autres.<\/li>\n<\/ul>\n<\/li>\n\n\n\n<li>Mission doctorale\n<ul class=\"wp-block-list\">\n<li>il existe 4 types de missions doctorales : enseignement, valorisation des r\u00e9sultats de la recherche, expertise et enfin&nbsp;diffusion de l\u2019information scientifique et technique.<\/li>\n<\/ul>\n<\/li>\n\n\n\n<li>\u00c9cole th\u00e9matique\n<ul class=\"wp-block-list\">\n<li>\u00e9cole d&rsquo;\u00e9t\u00e9, \u00e9cole d&rsquo;hiver, ou autres.<\/li>\n<\/ul>\n<\/li>\n\n\n\n<li>Cours\n<ul class=\"wp-block-list\">\n<li>par exemple un cours de Master, ou un organisme de cours en ligne. Cela peut \u00eatre un cours de langue, un cours scientifique, etc. C&rsquo;est un type de formation mais qui s&rsquo;\u00e9tend sur plusieurs semaines avec des cours magistraux et des travaux dirig\u00e9s.<\/li>\n<\/ul>\n<\/li>\n<\/ul>\n\n\n\n<p><\/p>\n\n\n\n<p>Le <strong>domaine<\/strong> d\u00e9finit le but de la formation, il y a 3 domaines :<\/p>\n\n\n\n<div class=\"wp-block-group\"><div class=\"wp-block-group__inner-container is-layout-flow wp-block-group-is-layout-flow\">\n<ul class=\"wp-block-list\">\n<li><strong>Formation m\u00e9thodologique ou technique<\/strong>\n<ul class=\"wp-block-list\">\n<li>dont le but est d&rsquo;acqu\u00e9rir des comp\u00e9tences techniques sur un outil sp\u00e9cifique tel que Latex, Zotero, matlab, etc. ou un savoir-\u00eatre permettant de faciliter l\u2019ach\u00e8vement de la th\u00e8se et l\u2019insertion dans le monde professionnel telles que la r\u00e9daction d\u2019articles ou la prise de parole.<\/li>\n<\/ul>\n<\/li>\n\n\n\n<li><strong>Formation d&rsquo;ouverture scientifique<\/strong>\n<ul class=\"wp-block-list\">\n<li>dont le but est d&rsquo;acqu\u00e9rir un savoir scientifique pour \u00e9largir votre spectre de connaissances ou combler des lacunes. Cela peut \u00eatre une \u00e9cole th\u00e9matique ou un cycle de s\u00e9minaires sur un sujet pr\u00e9cis ou encore, un cours sur un domaine scientifique (en ligne ou en r\u00e9el).<\/li>\n<\/ul>\n<\/li>\n\n\n\n<li><strong>Formation g\u00e9n\u00e9raliste et professionnalisante<\/strong>\n<ul class=\"wp-block-list\">\n<li>dont le but est d&rsquo;acqu\u00e9rir un savoir en rapport avec le milieu professionnel. Il s&rsquo;agit par exemple de l&rsquo;\u00e9thique, de l&rsquo;entrepreneuriat, du monde de la R&amp;D, du management, des cours de langues. Elles concernent \u00e9galement les missions d\u2019enseignement ou la m\u00e9diation scientifique.<\/li>\n<\/ul>\n<\/li>\n<\/ul>\n<\/div><\/div>\n\n\n\n<p><\/p>\n\n\n\n<h3 class=\"wp-block-heading\">Recommandations pour constituer votre PIF<\/h3>\n\n\n\n<p>Le PIF vous appartient, c\u2019est un instrument au service de votre r\u00e9ussite professionnelle, qui vous engage et dont vous \u00eates le premier responsable. Prenez le temps d\u2019y r\u00e9fl\u00e9chir et de le construire lors d\u2019un entretien avec votre direct\u2022eur\u2022rice de th\u00e8se (et \u00e9ventuellement avec votre co-encadrant\u2022e acad\u00e9mique ou professionnel\u2022le).<\/p>\n\n\n\n<p>Vous pouvez vous poser les questions suivantes&nbsp;:<\/p>\n\n\n\n<ul class=\"wp-block-list\">\n<li>Quelles sont mes aspirations professionnelles&nbsp;? Quelles connaissances pratiques, quelle \u00ab\u00a0culture m\u00e9tier\u00a0\u00bb, quels outils me seraient utiles en pr\u00e9paration de ce devenir (\u00e0 quelques ann\u00e9es de distance)&nbsp;?<\/li>\n\n\n\n<li>Quels sont mes besoins imm\u00e9diats, mais aussi qu\u2019aimerais-je apprendre \u00e0 plus long terme&nbsp;? Souvenez-vous que la culture, c\u2019est ce qui reste quand on a tout oubli\u00e9\u2026<\/li>\n\n\n\n<li>Quels sont mes d\u00e9fauts connus qui risquent de m\u2019handicaper&nbsp;? Comment les attaquer de front en profitant de ces quelques ann\u00e9es de th\u00e8se pour progresser&nbsp;? (Langues, communication, structuration de l\u2019expression&#8230;)<\/li>\n<\/ul>\n\n\n\n<p><\/p>\n\n\n\n<p>Vous devez obligatoirement \u00e9tablir un PIF, cela vous sera demand\u00e9 lors de votre comit\u00e9 de suivi et lors de votre demande de pr\u00e9sentation en soutenance<strong>. Il n&rsquo;y a pas de minimum d&rsquo;heures \u00e0 effectuer ni de maximum d&rsquo;ailleurs<\/strong>. I<strong>l n&rsquo;y a aucune notion d&rsquo;ECTS<\/strong> \u00e0 acqu\u00e9rir. Vous devez faire les formations ou suivre des cours qui vous sont utiles et en concertation avec votre encadrement.<strong> Seule une formation est obligatoire et devra avoir \u00e9t\u00e9 effectu\u00e9e au plus t\u00f4t. <\/strong><\/p>\n\n\n\n<h3 class=\"wp-block-heading\">Formation obligatoire <\/h3>\n\n\n\n<blockquote class=\"wp-block-quote is-layout-flow wp-block-quote-is-layout-flow\" id=\"ethic\">\n<p>La seule formation exig\u00e9e par l&rsquo;EDITE est <strong>la FORMATION \u00c9THIQUE DE LA RECHERCHE ET INT\u00c9GRIT\u00c9 SCIENTIFIQUE<\/strong>. <\/p>\n\n\n\n<p><strong>Les doctorants rattach\u00e9s \u00e0 Sorbonne Universit\u00e9<\/strong> peuvent effectuer la formation d\u00e9di\u00e9e propos\u00e9e par le D\u00e9partement Formation et Carri\u00e8res de Sorbonne universit\u00e9 (DFC). Informations et inscription en suivant les consignes d\u00e9taill\u00e9es sur : <a href=\"https:\/\/www.sorbonne-universite.fr\/recherche-et-innovation\/le-doctorat\/demarches-administratives\/inscriptions-aux-formations-et\">https:\/\/www.sorbonne-universite.fr\/recherche-et-innovation\/le-doctorat\/demarches-administratives\/inscriptions-aux-formations-et<\/a> . Ces conf\u00e9rences durent environ 1h et sont en fran\u00e7ais sans sous-titres anglais. Si vous n&rsquo;\u00eates pas francophone, vous devrez sans doute trouver d&rsquo;autres formations<\/p>\n\n\n\n<p><strong>Les doctorants rattach\u00e9s \u00e0 l&rsquo;Universit\u00e9 Paris Cit\u00e9 <\/strong>peuvent effectuer la formation d\u00e9di\u00e9e propos\u00e9e par le D\u00e9partement de Formation des doctorants de l\u2019Universit\u00e9 Paris Cit\u00e9. Informations et inscription en suivant les consign\u00e9es d\u00e9taill\u00e9es sur : <a href=\"https:\/\/u-paris.fr\/doctorat\/tout-le-catalogue\/\">https:\/\/u-paris.fr\/doctorat\/tout-le-catalogue\/<\/a> et <a href=\"https:\/\/u-paris.fr\/doctorat\/comment-sinscrire\/\">https:\/\/u-paris.fr\/doctorat\/comment-sinscrire\/<\/a><\/p>\n\n\n\n<p>Si votre laboratoire, ou si vous \u00eates en cifre votre entreprise, propose une formation sp\u00e9cifique sur l&rsquo;\u00e9thique, vous pouvez la choisir. <\/p>\n\n\n\n<p>Vous avez aussi la possibilit\u00e9 de suivre des MOOC comme ceux propos\u00e9s par l&rsquo;universit\u00e9 de Bordeaux sur <a href=\"https:\/\/www.fun-mooc.fr\/fr\/cours\/integrite-scientifique-dans-les-metiers-de-la-recherche\/\">l&rsquo;int\u00e9grit\u00e9 scientifique dans les m\u00e9tiers de la recherche<\/a> ou par l&rsquo;universit\u00e9 de Lyon sur <a href=\"https:\/\/www.fun-mooc.fr\/fr\/cours\/ethique-de-la-recherche\/\">l&rsquo;\u00e9thique de la recherche<\/a>.<\/p>\n<\/blockquote>\n\n\n\n<h3 class=\"wp-block-heading\"><strong>B. Proc\u00e9dure g\u00e9n\u00e9rale du PIF<\/strong><\/h3>\n\n\n\n<ol class=\"wp-block-list\">\n<li><strong>D\u00e9crire le projet professionnel<\/strong>.\n<ul class=\"wp-block-list\">\n<li>Prenez le temps d&rsquo;y r\u00e9fl\u00e9chir au d\u00e9part, mais notez une premi\u00e8re version ; vous pourrez l&rsquo;affiner au fil de la th\u00e8se.<br>  <\/li>\n<\/ul>\n<\/li>\n\n\n\n<li><strong>Choisir les formations<\/strong>.\n<ul class=\"wp-block-list\">\n<li>Le choix d\u00e9pend de votre situation et de votre projet. <br>Vous devez faire une s\u00e9lection de formations :\n<ul class=\"wp-block-list\">\n<li>Dans le catalogue du d\u00e9partement formation et carri\u00e8re (DFC). <\/li>\n\n\n\n<li>Dans le catalogue des formations propos\u00e9es par le coll\u00e8ge de France.<\/li>\n\n\n\n<li>Dans les propositions \u00e9manant de votre laboratoire, de votre entreprise pour les th\u00e8ses cifre ou de votre encadrement (formations, \u00e9coles th\u00e9matiques, etc.)<\/li>\n\n\n\n<li>Dans des catalogues de formations en ligne de votre choix<\/li>\n\n\n\n<li>Etc.<br>   <\/li>\n<\/ul>\n<\/li>\n<\/ul>\n<\/li>\n\n\n\n<li><strong>S&rsquo;inscrire aux sessions de formation<\/strong> valid\u00e9es et non encore suivies\n<ul class=\"wp-block-list\">\n<li>Cette \u00e9tape d\u00e9pend de la formation concern\u00e9e. <br>  <\/li>\n<\/ul>\n<\/li>\n\n\n\n<li><strong>Mettre \u00e0 jour le PIF avec les dates<\/strong> de r\u00e9alisation et le soumettre \u00e0 l&rsquo;ED pour validation.\n<ul class=\"wp-block-list\">\n<li>C&rsquo;est vous qui entrez cette information, et  chargez un document justificatif prouvant la r\u00e9alisation de la formation si vous en avez un.  <\/li>\n<\/ul>\n<\/li>\n<\/ol>\n\n\n\n<h3 class=\"wp-block-heading\"><strong>C. Inscriptions aux formations<\/strong> <\/h3>\n\n\n\n<p><\/p>\n\n\n\n<p><strong>Pour les doctorants rattach\u00e9s \u00e0 Sorbonne Universit\u00e9<\/strong>, consulter la proc\u00e9dure d&rsquo;acc\u00e8s et d&rsquo;inscription aux formations du DFC en acc\u00e9dant au lien suivant : <a href=\"https:\/\/www.sorbonne-universite.fr\/recherche-et-innovation\/le-doctorat\/demarches-administratives\/inscriptions-aux-formations-et\">https:\/\/www.sorbonne-universite.fr\/recherche-et-innovation\/le-doctorat\/demarches-administratives\/inscriptions-aux-formations-et<\/a><\/p>\n\n\n\n<p><em>L&rsquo;inscription aux formations propos\u00e9es par le DFC  de Sorbonne Universit\u00e9 seront \u00e0 effectu\u00e9es via ADUM.<\/em><\/p>\n\n\n\n<p><strong>Pour les doctorants rattach\u00e9s \u00e0 l&rsquo;Universit\u00e9 Paris Cit\u00e9<\/strong>,  l&rsquo;inscription aux catalogues des formations du DFC de l&rsquo;Universit\u00e9 Paris Cit\u00e9 s&rsquo;effectuera via <strong>AMETHIS<\/strong>. Consulter la proc\u00e9dure d&rsquo;acc\u00e8s et d&rsquo;inscription aux formations du DFC en acc\u00e9dant aux liens suivants : <a href=\"https:\/\/u-paris.fr\/doctorat\/tout-le-catalogue\/\">https:\/\/u-paris.fr\/doctorat\/tout-le-catalogue\/<\/a> et <a href=\"https:\/\/u-paris.fr\/doctorat\/comment-sinscrire\/\">https:\/\/u-paris.fr\/doctorat\/comment-sinscrire\/<\/a><\/p>\n\n\n\n<h3 class=\"wp-block-heading\"><strong>Remarques importantes<\/strong> pour les formations des D\u00e9partements de formation : <\/h3>\n\n\n\n<ul class=\"wp-block-list\">\n<li>Vous inscrire vous engage parce que le nombre de places aux formations est limit\u00e9.<\/li>\n\n\n\n<li>Vous pouvez vous d\u00e9sister jusqu\u2019\u00e0 7 jours avant le d\u00e9but d&rsquo;une formation sur la page d&rsquo;inscription de chaque formation demand\u00e9e.<\/li>\n\n\n\n<li>Si vous \u00eates dans l&rsquo;incapacit\u00e9 d&rsquo;assister \u00e0 une session pour une cause importante (maladie, gr\u00e8ve des transports, etc.), vous devez absolument envoyer un justificatif \u00e9crit \u00e0 l&rsquo;adresse ifd-dfc@sorbonne-universite.fr)<\/li>\n\n\n\n<li>Si vous vous \u00eates inscrit et que vous \u00eates absent sans justificatif, l&rsquo;ED est pr\u00e9venue et cela vous pourrait emp\u00eacher une inscription future \u00e0 la formation, voire \u00e0 toutes les formations si vous r\u00e9cidivez.<br><\/li>\n<\/ul>\n\n\n\n<h3 class=\"wp-block-heading\"><strong>D. Que faire concr\u00e8tement pour proposer votre PIF ?<\/strong><\/h3>\n\n\n\n<ol start=\"1\" class=\"wp-block-list\">\n<li>T\u00e9l\u00e9chargez le document en cliquant <a href=\"https:\/\/edite-de-paris.fr\/wp-content\/uploads\/2026\/01\/PIF_Nom_Prenom_ADUMnumero.docx\" data-type=\"link\" data-id=\"https:\/\/www.edite-de-paris.fr\/wp-content\/uploads\/2025\/06\/PIF_Nom_Prenom_ADUMnumero.docx\">ici<\/a>.<\/li>\n\n\n\n<li>Remplissez-le, puis envoyez votre proposition, au format PDF, \u00e0 l\u2019EDITE \u00e0 l\u2019adresse <a href=\"mailto:formation@edite-de-paris.fr\">formation@edite-de-paris.fr<\/a><\/li>\n<\/ol>\n\n\n\n<p>Nous vous le retournerons valid\u00e9, afin que vous puissiez l\u2019ajouter \u00e0 votre dossier lors du prochain CSI.<\/p>\n\n\n\n<p>L\u2019EDITE a d\u00e9sign\u00e9 une personne r\u00e9f\u00e9rente pour vous accompagner, de mani\u00e8re personnalis\u00e9e et au cas par cas, dans la d\u00e9finition de votre PIF. Apr\u00e8s r\u00e9ception de votre document, nous pouvons, sur demande, organiser des rendez-vous en pr\u00e9sentiel ou en visioconf\u00e9rence.<\/p>\n\n\n\n<p>Nous restons \u00e0 votre disposition pour vous accompagner dans l\u2019\u00e9laboration de votre PIF.<\/p>\n\n\n\n<p><\/p>\n","protected":false},"excerpt":{"rendered":"<p>A. Le Plan Individuel de Formation \u00e0 l&rsquo;EDITE Pr\u00e9sentation g\u00e9n\u00e9rale Depuis 2014, les formations \u00e0 l\u2019EDITE se font dans le cadre d\u2019un Plan Individuel de Formation (PIF), propre \u00e0 chaque doctorant, qui vise \u00e0 l\u2019aider \u00e0 pr\u00e9parer son projet professionnel apr\u00e8s la th\u00e8se. Le PIF est la premi\u00e8re \u00e9tape de \u201cla formation tout au long [&hellip;]<\/p>\n","protected":false},"author":1,"featured_media":0,"parent":0,"menu_order":0,"comment_status":"closed","ping_status":"closed","template":"","meta":{"footnotes":""},"class_list":["post-3749","page","type-page","status-publish","hentry"],"_links":{"self":[{"href":"https:\/\/edite-de-paris.fr\/index.php\/wp-json\/wp\/v2\/pages\/3749","targetHints":{"allow":["GET"]}}],"collection":[{"href":"https:\/\/edite-de-paris.fr\/index.php\/wp-json\/wp\/v2\/pages"}],"about":[{"href":"https:\/\/edite-de-paris.fr\/index.php\/wp-json\/wp\/v2\/types\/page"}],"author":[{"embeddable":true,"href":"https:\/\/edite-de-paris.fr\/index.php\/wp-json\/wp\/v2\/users\/1"}],"replies":[{"embeddable":true,"href":"https:\/\/edite-de-paris.fr\/index.php\/wp-json\/wp\/v2\/comments?post=3749"}],"version-history":[{"count":3,"href":"https:\/\/edite-de-paris.fr\/index.php\/wp-json\/wp\/v2\/pages\/3749\/revisions"}],"predecessor-version":[{"id":4116,"href":"https:\/\/edite-de-paris.fr\/index.php\/wp-json\/wp\/v2\/pages\/3749\/revisions\/4116"}],"wp:attachment":[{"href":"https:\/\/edite-de-paris.fr\/index.php\/wp-json\/wp\/v2\/media?parent=3749"}],"curies":[{"name":"wp","href":"https:\/\/api.w.org\/{rel}","templated":true}]}}